is divided by 452.
133
Calculate the remainder when 17339 is divided by 13.
10
Calculate the remainder when 28046 is divided by 966.
32
Calculate the remainder when 3709 is divided by 802.
501
Calculate the remainder when 3592 is divided by 352.
72
What is the remainder when 4738 is divided by 620?
398
Calculate the remainder when 12494 is divided by 3120.
14
What is the remainder when 2253 is divided by 480?
333
What is the remainder when 2955 is divided by 29?
26
Calculate the remainder when 777 is divided by 107.
28
Calculate the remainder when 39818 is divided by 10.
8
What is the remainder when 121143 is divided by 40371?
30
Calculate the remainder when 12621 is divided by 101.
97
What is the remainder when 54542 is divided by 14?
12
What is the remainder when 31312 is divided by 380?
152
Calculate the remainder when 59632 is divided by 37.
25
Calculate the remainder when 341069 is divided by 96.
77
What is the remainder when 7871 is divided by 55?
6
Calculate the remainder when 56703 is divided by 35.
3
What is the remainder when 554 is divided by 83?
56
What is the remainder when 1001 is divided by 102?
83
What is the remainder when 242723 is divided by 716?
715
What is the remainder when 4845 is divided by 1608?
21
Calculate the remainder when 1472 is divided by 489.
5
Calculate the remainder when 156315 is divided by 327.
9
Calculate the remainder when 778 is divided by 625.
153
What is the remainder when 701 is divided by 636?
65
What is the remainder when 6317 is divided by 901?
10
What is the remainder when 84289 is divided by 2471?
275
Calculate the remainder when 69562 is divided by 44.
42
Calculate the remainder when 11284 is divided by 1877.
22
Calculate the remainder when 17154 is divided by 81.
63
Calculate the remainder when 69512 is divided by 402.
368
What is the remainder when 1621 is divided by 435?
316
What is the remainder when 5017 is divided by 1253?
5
Calculate the remainder when 890 is divided by 68.
6
What is the remainder when 24397 is divided by 40?
37
Calculate the remainder when 156812 is divided by 161.
159
What is the remainder when 86396 is divided by 2271?
98
What is the remainder when 7485 is divided by 151?
86
Calculate the remainder when 41980 is divided by 1925.
1555
What is the remainder when 485145 is divided by 31?
26
What is the remainder when 5984 is divided by 5964?
20
What is the remainder when 70518 is divided by 161?
0
Calculate the remainder when 350659 is divided by 197.
196
What is the remainder when 129365 is divided by 6160?
5
Calculate the remainder when 11921 is divided by 851.
7
What is the remainder when 10426 is divided by 410?
176
What is the remainder when 1063 is divided by 23?
5
Calculate the remainder when 139779 is divided by 19966.
17
Calculate the remainder when 11527 is divided by 8.
7
What is the remainder when 22846 is divided by 713?
30
Calculate the remainder when 203670 is divided by 67865.
75
Calculate the remainder when 2024 is divided by 253.
0
Calculate the remainder when 1339 is divided by 1174.
165
Calculate the remainder when 8896 is divided by 78.
4
Calculate the remainder when 7523189 is divided by 90.
89
What is the remainder when 68840 is divided by 22720?
680
Calculate the remainder when 821 is divided by 114.
23
Calculate the remainder when 6132 is divided by 764.
20
What is the remainder when 2863 is divided by 54?
1
What is the remainder when 29924 is divided by 26?
24
Calculate the remainder when 16412 is divided by 39.
32
Calculate the remainder when 14608 is divided by 29.
21
Calculate the remainder when 998294 is divided by 18.
14
Calculate the remainder when 8659 is divided by 2010.
619
What is the remainder when 3789 is divided by 119?
100
What is the remainder when 33334 is divided by 422?
418
What is the remainder when 15554 is divided by 5107?
233
What is the remainder when 9652 is divided by 803?
16
Calculate the remainder when 5387 is divided by 1077.
2
Calculate the remainder when 44023 is divided by 1336.
1271
Calculate the remainder when 184725 is divided by 286.
255
What is the remainder when 2146 is divided by 762?
622
What is the remainder when 545335 is divided by 30296?
7
What is the remainder when 146089 is divided by 14?
13
Calculate the remainder when 12941 is divided by 2112.
269
What is the remainder when 9030 is divided by 114?
24
Calculate the remainder when 264951 is divided by 740.
31
Calculate the remainder when 45662 is divided by 177.
173
Calculate the remainder when 2144 is divided by 3.
2
What is the remainder when 239777 is divided by 346?
345
What is the remainder when 25895 is divided by 251?
42
What is the remainder when 12433 is divided by 3952?
577
What is the remainder when 1520 is divided by 1409?
111
Calculate the remainder when 1469740 is divided by 5.
0
Calculate the remainder when 447080 is divided by 43.
9
Calculate the remainder when 2230 is divided by 599.
433
What is the remainder when 36398 is divided by 4?
2
Calculate the remainder when 22144 is divided by 515.
514
Calculate the remainder when 69349 is divided by 6931.
39
What is the remainder when 3800 is divided by 1887?
26
Calculate the remainder when 18643 is divided by 74.
69
What is the remainder when 68764 is divided by 7638?
22
Calculate the remainder when 26875 is divided by 768.
763
Calculate the remainder when 944090 is divided by 67435.
0
Calculate the remainder when 316124 is divided by 96.
92
What is the remainder when 5734 is divided by 117?
1
Calculate the remainder when 10511 is divided by 234.
215
Calculate the remainder when 3462 is divided by 493.
11
Calculate the remainder when 2282 is divided by 152.
2
Calculate the remainder when 225689 is divided by 40.
9
What is the remainder when 150337 is divided by 10?
7
Calculate the remainder when 375 is divided by 315.
60
Calculate the remainder when 101008 is divided by 25248.
16
Calculate the remainder when 2043 is divided by 2034.
9
Calculate the remainder when 17763 is divided by 126.
123
What is the remainder when 402 is divided by 228?
174
Calculate the remainder when 4222 is divided by 4144.
78
Calculate the remainder when 189756 is divided by 16.
12
What is the remainder when 10487 is divided by 75?
62
Calculate the remainder when 1551 is divided by 28.
11
What is the remainder when 12767 is divided by 27?
23
What is the remainder when 359 is divided by 239?
120
What is the remainder when 4080 is divided by 402?
60
What is the remainder when 47645 is divided by 23813?
19
What is the remainder when 372915 is divided by 23?
16
Calculate the remainder when 23447 is divided by 5845.
67
Calculate the remainder when 15984 is divided by 31.
19
What is the remainder when 33150 is divided by 6629?
5
Calculate the remainder when 7550 is divided by 580.
10
What is the remainder when 1065272 is divided by 48?
8
What is the remainder when 3667 is divided by 68?
63
Calculate the remainder when 53424 is divided by 76.
72
Calculate the remainder when 74708 is divided by 37343.
22
What is the remainder when 25228 is divided by 135?
118
Calculate the remainder when 302286 is divided by 38.
34
Calculate the remainder when 60352 is divided by 8.
0
Calculate the remainder when 193570 is divided by 193563.
7
Calculate the remainder when 13915 is divided by 10.
5
What is the remainder when 220092 is divided by 2223?
15
Calculate the remainder when 1903 is divided by 1332.
571
What is the remainder when 13083 is divided by 211?
1
What is the remainder when 43961 is divided by 21959?
43
Calculate the remainder when 7303 is divided by 190.
83
What is the remainder when 66584 is divided by 646?
46
Calculate the remainder when 1410 is divided by 1262.
148
Calculate the remainder when 316 is divided by 220.
96
What is the remainder when 115311 is divided by 16?
15
What is the remainder when 2473 is divided by 310?
303
What is the remainder when 985797 is divided by 424?
421
What is the remainder when 23956 is divided by 2993?
12
What is the remainder when 830 is divided by 39?
11
What is the remainder when 814343 is divided by 273?
257
What is the remainder when 38437 is divided by 1164?
25
Calculate the remainder when 316 is divided by 34.
10
Calculate the remainder when 86325 is divided by 396.
393
Calcul